{"id":6,"date":"2024-03-09T17:21:54","date_gmt":"2024-03-09T17:21:54","guid":{"rendered":"http:\/\/yapiseramik.com\/?page_id=6"},"modified":"2024-04-26T16:36:22","modified_gmt":"2024-04-26T16:36:22","slug":"home","status":"publish","type":"page","link":"http:\/\/yapiseramik.com\/","title":{"rendered":"Yap\u0131 Seramik D\u00fcnyas\u0131 &#8211; G\u00fcveninizi Hak Eder."},"content":{"rendered":"\n<p>Tekirda\u011f Marmara Ere\u011fli&#8217;sinde Toptan ve Perakende Defolu Seramik Sat\u0131\u015f\u0131 Yapan Firmam\u0131zda ki spot \u00fcr\u00fcnleri ve \u00e7e\u015fitlerini g\u00f6r\u00fcp depodan direkt sat\u0131n alabilirsiniz. <\/p>\n\n\n\n<p>Y\u0131lar\u0131n tecr\u00fcbesi ile \u00f6zenle se\u00e7ilmi\u015f Seramikler, granitler ile Evinizi bah\u00e7enizi \u0130\u015fyerinizi \u015f\u0131k ve kullan\u0131\u015fl\u0131 bir hale gelecek. Ald\u0131\u011f\u0131n\u0131z \u00fcr\u00fcnlerden memnun kalaca\u011f\u0131n\u0131za eminiz.  En yak\u0131n s\u00fcrede Toptan Seramik Sat\u0131\u015f depomuza bekliyoruz.<\/p>\n\n\n\n<p><font _mstmutation=\"1\"><\/font><\/p>\n\n\n\n<p><font _mstmutation=\"1\"><\/font><\/p>\n\n\n\n<ul>\n<li>SERAM\u0130K<\/li>\n\n\n\n<li>GRAN\u0130T<\/li>\n\n\n\n<li>DEFOLU SERAM\u0130K<\/li>\n\n\n\n<li>TOPTAN SERAM\u0130K<\/li>\n\n\n\n<li>PERAKENDE SERAM\u0130K<\/li>\n\n\n\n<li>DEPODAN SATI\u015e<\/li>\n\n\n\n<li>KAL\u0130TEL\u0130 \u00dcR\u00dcNLER<\/li>\n\n\n\n<li>PR\u00dcZS\u00dcZ DEFOLU \u00dcR\u00dcNLER<\/li>\n\n\n\n<li>PALETL\u0130 SERAM\u0130K<\/li>\n\n\n\n<li>\u00d6ZEL KES\u0130M SERAM\u0130K<\/li>\n<\/ul>\n\n\n\n<p> <\/p>\n\n\n\n<p><font _mstmutation=\"1\"><\/font><\/p>\n","protected":false},"excerpt":{"rendered":"<p>Tekirda\u011f Marmara Ere\u011fli&#8217;sinde Toptan ve Perakende Defolu Seramik Sat\u0131\u015f\u0131 Yapan Firmam\u0131zda ki spot \u00fcr\u00fcnleri ve \u00e7e\u015fitlerini g\u00f6r\u00fcp depodan direkt sat\u0131n alabilirsiniz. Y\u0131lar\u0131n tecr\u00fcbesi ile \u00f6zenle se\u00e7ilmi\u015f Seramikler, granitler ile Evinizi bah\u00e7enizi \u0130\u015fyerinizi \u015f\u0131k ve kullan\u0131\u015fl\u0131 bir hale gelecek. Ald\u0131\u011f\u0131n\u0131z \u00fcr\u00fcnlerden memnun kalaca\u011f\u0131n\u0131za eminiz. En yak\u0131n s\u00fcrede Toptan Seramik Sat\u0131\u015f depomuza bekliyoruz.<\/p>\n","protected":false},"author":1,"featured_media":0,"parent":0,"menu_order":0,"comment_status":"closed","ping_status":"closed","template":"page-templates\/frontpage.php","meta":{"om_disable_all_campaigns":false,"_monsterinsights_skip_tracking":false,"_monsterinsights_sitenote_active":false,"_monsterinsights_sitenote_note":"","_monsterinsights_sitenote_category":0,"_uf_show_specific_survey":0,"_uf_disable_surveys":false,"footnotes":""},"aioseo_notices":[],"_links":{"self":[{"href":"http:\/\/yapiseramik.com\/index.php?rest_route=\/wp\/v2\/pages\/6"}],"collection":[{"href":"http:\/\/yapiseramik.com\/index.php?rest_route=\/wp\/v2\/pages"}],"about":[{"href":"http:\/\/yapiseramik.com\/index.php?rest_route=\/wp\/v2\/types\/page"}],"author":[{"embeddable":true,"href":"http:\/\/yapiseramik.com\/index.php?rest_route=\/wp\/v2\/users\/1"}],"replies":[{"embeddable":true,"href":"http:\/\/yapiseramik.com\/index.php?rest_route=%2Fwp%2Fv2%2Fcomments&post=6"}],"version-history":[{"count":11,"href":"http:\/\/yapiseramik.com\/index.php?rest_route=\/wp\/v2\/pages\/6\/revisions"}],"predecessor-version":[{"id":183,"href":"http:\/\/yapiseramik.com\/index.php?rest_route=\/wp\/v2\/pages\/6\/revisions\/183"}],"wp:attachment":[{"href":"http:\/\/yapiseramik.com\/index.php?rest_route=%2Fwp%2Fv2%2Fmedia&parent=6"}],"curies":[{"name":"wp","href":"https:\/\/api.w.org\/{rel}","templated":true}]}}